 Let x(u) = 2 + 5*u + 0 - u**2 + 2*u**2 + 0*u**2. What is the units digit of x(z)?
2
Suppose 2*i - 13 + 59 = 0. Let d = -14 - i. What is the units digit of d?
9
What is the tens digit of (-6)/9*1 - (-1376)/12?
1
Let k = 154 - 72. What is the tens digit of k?
8
Let f(x) = -4*x - 1. Let v(y) = -y + 1. Let i(u) = f(u) - 3*v(u). Let a be i(-7). Suppose a*q = 7 - 1. What is the units digit of q?
2
Let m(w) be the first derivative of w**3/3 + 5*w**2 - 2. Let i be m(-10). Let d = i - -2. What is the units digit of d?
2
Let v = 37 + -20. Suppose -v = -5*n - 2*p, 0*n - 4*p = 2*n - 10. What is the units digit of n?
3
Let b be (-5 + 4)/((-1)/2). Suppose -b*k - 3*q + 17 + 118 = 0, 2*k - 5*q = 95. What is the units digit of 2/(-5) - k/(-25)?
2
Let t = -47 - -67. Suppose 0*h = h - t. Suppose 0 = -4*i + h, -g - 3*i + 18 = 2*g. What is the units digit of g?
1
Let z be 153/36 - 2/8. Suppose -z*d - 8 = -8*d. Suppose s + 1 = d*s. What is the units digit of s?
1
Let t(n) = -n**3 - 8*n**2 - n - 12. What is the units digit of t(-9)?
8
Let y = 160 + -110. Suppose y = 3*p - 2*d + 7*d, -5*p + 4*d + 34 = 0. Suppose -3*n = -n - p. What is the units digit of n?
5
What is the hundreds digit of 43*(48/(-80))/(1/(-5))?
1
Let t(f) be the first derivative of f**2/2 + 2*f - 2. Let c be t(3). Suppose -4*u - 16 - 5 = c*x, 3*u = -4*x - 17. What is the units digit of u?
1
Suppose -5*z + 5*v = -0*v - 1735, -z - 2*v + 359 = 0. What is the units digit of z?
1
Suppose 3*f - 6*f + 237 = -g, 0 = g. What is the tens digit of f?
7
Let h = -1 + 9. Let z be (2/(-6))/(h/48). Let t(m) = -m**3 - 2*m**2 - m + 1. What is the units digit of t(z)?
3
Suppose 5*i - 189 - 611 = 0. What is the tens digit of i?
6
Suppose 0 = -3*i + 6. Suppose 2*j = -3*q + 13, 3*q + 3*j = 6 + 6. Suppose i*u = 2*l + 28, -u - q*l + 0 = 10. What is the units digit of u?
0
Suppose -3*a + a = -10. Let d be (1 + 3)*1/1. Suppose -d*f - 16 = -r + 10, 0 = a*r - f - 35. What is the units digit of r?
6
Let o(r) = -r**3 - 7*r**2 - 2*r - 9. Let y be o(-7). Suppose 5*l - 3*g = 9, y*l - 5*g + 2 = 17. Suppose l = -4*n + 15 - 3. What is the units digit of n?
3
Let r(n) be the first derivative of -n**2 + 6*n - 3. Let y be r(4). Let h = 5 - y. What is the units digit of h?
7
Suppose -2*v - 2*v = -16. Let g = -6 + v. What is the units digit of 10/3*(-3)/g?
5
Let y = -5 + 6. Suppose 0 = -2*x + 29 + y. What is the tens digit of x?
1
Let z be ((-8)/4 - -19)/1. Suppose 3*v + 0*v + 4*a - z = 0, -v - 5 = -4*a. What is the units digit of v?
3
Let j(f) = -f + 4. Let o be j(0). What is the units digit of (-6)/(-9)*66/o?
1
Suppose 2*v + 5 = 5*q, -4*v = 2*q + 3*q - 35. What is the units digit of 3/v - (-12)/30?
1
Suppose i = 2*s + 14, 2*i - 21 = -2*s - s. Suppose -i = -4*c - 0. Suppose -42 = -c*v - 0. What is the units digit of v?
4
Let q = -233 + 344. What is the units digit of q?
1
Suppose -o = 5*f - 206, 7*f = -5*o + 2*f + 990. Suppose -b = 4*d - 27, -o - 2 = -5*b + d. What is the units digit of b?
9
Let d(v) = -v**2 + v - 5. Let c be d(0). Let a(b) = b**2 - 8*b + 7. Let h be a(7). Let p = h - c. What is the units digit of p?
5
Suppose 31 = 4*s + 3*q + 2*q, s = q + 1. Suppose t = -u - 2*t - 19, s*t = -20. Let l = -2 - u. What is the units digit of l?
2
Let n(h) = -h**3 + 7*h**2 + 9*h - 3. Let p be n(8). Suppose 0 = -p*z + 7*z - 34. Let q = z + -12. What is the units digit of q?
5
Suppose 2*q - 37 = 3*k + 2*k, 4*k + 3*q + 25 = 0. What is the units digit of k/(-4) - (-1)/4?
2
Let i(h) = 1. Let o(q) = -5*q + 7. Let j(r) = -6*i(r) + o(r). Let p be j(-6). Let k = -15 + p. What is the tens digit of k?
1
Let m(p) = 3*p**2 - 10 + 4*p - 3*p**2 + 6*p**2 - 5*p**2. What is the units digit of m(4)?
2
Let w be (30/(-25))/((-2)/(-10)). Let o = 7 + w. Suppose f + 5*b = 11, -5*f - 6 + o = -5*b. What is the units digit of f?
1
Let s(p) be the first derivative of -p**6/360 - 3*p**5/40 - p**4/8 + p**3/3 + 4. Let n(r) be the third derivative of s(r). What is the tens digit of n(-5)?
1
Suppose 2*h - 4 = 8. Suppose 36 = 5*a + f - 4*f, -a - h = -5*f. What is the units digit of a?
9
Suppose -c - 2 = -6. Suppose 0*t = 2*x + 4*t - 14, c*x = -2*t + 10. What is the units digit of x?
1
Let i = 6 - 2. Suppose -4*z - 4 = -3*c, 3*z = i*c - 0*c - 3. Suppose -3*m + c*m = -24. What is the units digit of m?
8
Let m(v) = -v**2 + 7*v - 8. Let f be m(7). What is the units digit of 36/f*(-56)/12?
1
Suppose -f - 2 = 3*i - 1, f + 1 = 4*i. What is the units digit of f/6 - (-148)/24?
6
Suppose 2*t - t + 287 = 3*v, 5*t - 275 = -3*v. What is the tens digit of v?
9
Let z be (-2 + 2/2)*5. Let f be 2/z + 388/20. Suppose -f = -3*d + 23. What is the units digit of d?
4
Let i be (18/27)/((-1)/3). Let f(a) = -3*a**3 - a**2 + 4*a + 3. What is the tens digit of f(i)?
1
Let p be (1 + -3)/(3/(-12)). Let s(y) = -y + 8. Let j be s(p). Suppose 0 = -4*z + 16 - j. What is the units digit of z?
4
Let w be -2*(-1)/(4/(-6)). Let m be 1/w - (-16)/3. Suppose 2*j + 3*d + 5 = j, m = 2*j + d. What is the units digit of j?
4
Suppose 9*k - 4 = 8*k. What is the units digit of k?
4
Let g = -31 + 120. What is the tens digit of g?
8
Let r = 2 - 0. Suppose r*n - 30 = 8. What is the units digit of n?
9
Let m(o) = -o**3 - 4*o**2 + 3*o - 32. Let a(b) = b**2 - b - 1. Let l(r) = -3*a(r) - m(r). What is the tens digit of l(0)?
3
Suppose 5*f + 409 = 2*z, 0 = -2*z - f + 128 + 263. What is the tens digit of z?
9
Let f = -16 + 26. Let b(x) = -x**3 - 19*x**2 - 20*x - 11. Let h be b(-18). Suppose -5*z = -f*z + h. What is the units digit of z?
5
What is the units digit of (-207)/15*(-10)/3?
6
Let w = 4 + 29. Let t = w - 60. Let s = t + 39. What is the tens digit of s?
1
Let s be (3/9*0)/(-1). Suppose 2 = -n - s*n. Let a = -1 - n. What is the units digit of a?
1
Suppose 0 = 2*m + r - 6, 2*m + 2*m - r = 0. Let w be 33 + (m/(-1))/1. Suppose 5*k - k - w = 0. What is the units digit of k?
8
Let r(z) = -z**3 - 8*z**2 - 8*z - 2. Let i be r(-7). Suppose -9 = -v + i. What is the tens digit of v?
1
What is the tens digit of (9/6)/(6/100)?
2
Suppose -7*a = -2*a - 2*s - 28, 5*a - 26 = 4*s. What is the units digit of 108/a*(-1 - -2)?
8
Let c be 2/8 + (-5)/4. Let v = 1 + c. Suppose v*p - 28 = -4*p. What is the units digit of p?
7
Suppose -2*k + 307 = -193. What is the tens digit of k?
5
Suppose -t + 1381 - 277 = 3*p, -5*p + 5*t = -1840. What is the hundreds digit of p?
3
Let m(x) = -x**3 + 17*x**2 - 17*x + 16. Let y be m(16). What is the tens digit of (-1 - y) + (-204)/(-6)?
3
Suppose -2*z = p - 62 + 10, 3 = -3*z. What is the units digit of p?
4
Let j(c) = -34*c - 12. What is the tens digit of j(-11)?
6
Suppose 5*p + 2 = 3*i, -3*p = -0*i - i - 2. Let s(o) = o**3 + 6*o**2 + 4*o - 5. Let j be s(-5). Suppose j = u + p*u - 51. What is the tens digit of u?
1
Let f = 17 + -11. Suppose 6 + f = 2*g. What is the units digit of g?
6
Suppose 0 = -d - 2*d - 15. Let z(t) = t. Let y(l) = l**2 + 4*l + 6. Let s(a) = d*z(a) - y(a). What is the tens digit of s(-4)?
1
Suppose -17 = -5*l + 8. Let z(k) = k**3 + 5*k**2 + 3*k - 2. Let o be z(-4). Suppose l*a - 10 = -3*y, o*a - 2*y + 0 = 20. What is the units digit of a?
5
Let q be (-16)/20 - (-11)/(-5). Let x(f) = 2*f**2 + f - 1. Let r be x(2). What is the units digit of 33/r + (-1)/q?
4
Let n(i) = 2*i**3 - 2*i**2 - 3*i + 2. Let h be n(2). Suppose -l = -g + 10, -5*g + h*l + 58 = l. What is the tens digit of g?
1
Suppose 0 = -5*j - 20 - 0. Let v = -2 - j. Suppose -v + 6 = 2*i. What is the units digit of i?
2
Let i = 3 - -10. Suppose -t = -4*m + i, -15 = -0*m - 5*m + t. Suppose 0 = -m*j + j - 2*q + 5, 3*q = -3*j + 15. What is the units digit of j?
5
Let a be 5/3*(-252)/(-6). Suppose a = 4*p + 2. What is the units digit of p?
7
What is the tens digit of (-4)/1 + 24 - -3?
2
Let l(t) = t - 2. Let i be l(6). Suppose 3*q - 3*j = -0*q + 3, 0 = q + 4*j + i. Let a = 3 - q. What is the units digit of a?
3
Let h(o) = o**3 + 2*o**2 - o. Suppose 0 = 5*m - 2*d + 5, -4*m - 6 + 0 = -2*d. What is the units digit of h(m)?
2
Let x(u) = u**3 + 9*u**2 + 13*u + 7. What is the tens digit of x(-5)?
4
Suppose -3*r + 1 = 10. What is the units digit of ((-4)/r)/((-2)/(-12))?
8
What is the units digit of 37 - 2 - 0/1?
5
Let j = -132 - -160. What is the units digit of j?
8
Let z be ((-6)/4)/((-12)/40). Let n(o) = o**3 - 6*o**2 + 5*o + 7. What is t